{"id":732,"date":"2026-04-15T11:00:22","date_gmt":"2026-04-15T09:00:22","guid":{"rendered":"https:\/\/ibied3d.store\/?post_type=product&#038;p=732"},"modified":"2026-04-15T11:06:50","modified_gmt":"2026-04-15T09:06:50","slug":"recambio-placa-superior-new-2ds-xl-estilo-original","status":"publish","type":"product","link":"https:\/\/ibied3d.store\/?product=recambio-placa-superior-new-2ds-xl-estilo-original","title":{"rendered":"Recambio placa superior New 2DS XL &#8211; Estilo original"},"content":{"rendered":"<p>Si te has cansado de tu placa superior y quieres darle un color nuevo, aqu\u00ed tienes disponibles varios colores, se quita la original que viene pegada con una tarjeta o pua de guitarra, y vuelves a pegar esta sin echar pegamento ni nada, se pega con los restos de pegamento que quedan al quitar la original, y queda super bien, tambi\u00e9n es compatible con la carcasa transparente, as\u00ed que podr\u00e1s seguir us\u00e1ndola con normalidad<\/p>\n","protected":false},"excerpt":{"rendered":"<p>Si te has cansado de tu placa superior y quieres darle un color nuevo, aqu\u00ed tienes disponibles varios colores, se quita la original que viene pegada con una tarjeta o pua de guitarra, y vuelves a pegar esta sin echar pegamento ni nada, se pega con los restos de pegamento que quedan al quitar la original, y queda super bien, tambi\u00e9n es v\u00e1lida con la carcasa transparente, as\u00ed que podr\u00e1s seguir us\u00e1ndola con normalidad<\/p>\n","protected":false},"featured_media":728,"comment_status":"open","ping_status":"closed","template":"","meta":[],"product_brand":[],"product_cat":[86],"product_tag":[196,199,200,201,194,193,195,197,198,202],"class_list":{"0":"post-732","1":"product","2":"type-product","3":"status-publish","4":"has-post-thumbnail","6":"product_cat-new-2ds-xl","7":"product_tag-carcasa-original-new-2ds-xl","8":"product_tag-cubierta-superior-new-2ds-xl-original","9":"product_tag-housing-new-2ds-xl-repuesto","10":"product_tag-pieza-recambio-new-2ds-xl","11":"product_tag-placa-superior-new-2ds-xl-original","12":"product_tag-recambio-carcasa-superior-new-2ds-xl","13":"product_tag-reemplazo-tapa-new-2ds-xl","14":"product_tag-repuesto-new-2ds-xl","15":"product_tag-shell-superior-new-2ds-xl-oem","16":"product_tag-tapa-superior-new-2ds-xl-estandar","18":"first","19":"instock","20":"taxable","21":"shipping-taxable","22":"purchasable","23":"product-type-variable"},"_links":{"self":[{"href":"https:\/\/ibied3d.store\/index.php?rest_route=\/wp\/v2\/product\/732","targetHints":{"allow":["GET"]}}],"collection":[{"href":"https:\/\/ibied3d.store\/index.php?rest_route=\/wp\/v2\/product"}],"about":[{"href":"https:\/\/ibied3d.store\/index.php?rest_route=\/wp\/v2\/types\/product"}],"replies":[{"embeddable":true,"href":"https:\/\/ibied3d.store\/index.php?rest_route=%2Fwp%2Fv2%2Fcomments&post=732"}],"wp:featuredmedia":[{"embeddable":true,"href":"https:\/\/ibied3d.store\/index.php?rest_route=\/wp\/v2\/media\/728"}],"wp:attachment":[{"href":"https:\/\/ibied3d.store\/index.php?rest_route=%2Fwp%2Fv2%2Fmedia&parent=732"}],"wp:term":[{"taxonomy":"product_brand","embeddable":true,"href":"https:\/\/ibied3d.store\/index.php?rest_route=%2Fwp%2Fv2%2Fproduct_brand&post=732"},{"taxonomy":"product_cat","embeddable":true,"href":"https:\/\/ibied3d.store\/index.php?rest_route=%2Fwp%2Fv2%2Fproduct_cat&post=732"},{"taxonomy":"product_tag","embeddable":true,"href":"https:\/\/ibied3d.store\/index.php?rest_route=%2Fwp%2Fv2%2Fproduct_tag&post=732"}],"curies":[{"name":"wp","href":"https:\/\/api.w.org\/{rel}","templated":true}]}}