{"id":676,"date":"2026-03-23T12:57:01","date_gmt":"2026-03-23T11:57:01","guid":{"rendered":"https:\/\/ibied3d.store\/?post_type=product&#038;p=676"},"modified":"2026-03-23T12:57:39","modified_gmt":"2026-03-23T11:57:39","slug":"carcasa-de-viaje-personalizable-ayn-odin-3-con-grip","status":"publish","type":"product","link":"https:\/\/ibied3d.store\/?product=carcasa-de-viaje-personalizable-ayn-odin-3-con-grip","title":{"rendered":"Carcasa de viaje personalizable Ayn Odin 3 con grip"},"content":{"rendered":"<p>Esta es la carcasa de viaje para tu Ayn Odin 3, para tenerla m\u00e1s protegida, y no llevarla al descubierto en tu bolso\/mochila o cuando la dejas por casa, solo es compatible si la usas junto con el grip oficial de la Odin 3. Puedes elegir entre todos los colores disponibles, y tambi\u00e9n si deseas a\u00f1adir un logo personalizado, puedes responder al correo que te llega del pedido y enviarnos lo que te gustar\u00eda a\u00f1adir al dise\u00f1o de la carcasa y te ayudamos a realizarlo siempre y cuando, la tecnolog\u00eda de impresi\u00f3n 3d lo permita.<\/p>\n","protected":false},"excerpt":{"rendered":"<p>Esta es la carcasa de viaje para tu Ayn Odin 3, para tenerla m\u00e1s protegida, y no llevarla al descubierto en tu bolso\/mochila o cuando la dejas por casa, solo es compatible si la usas junto con el grip oficial de la Odin 3. Puedes elegir entre todos los colores disponibles, y tambi\u00e9n si deseas a\u00f1adir un logo personalizado, puedes responder al correo que te llega del pedido y enviarnos lo que te gustar\u00eda a\u00f1adir al dise\u00f1o de la carcasa y te ayudamos a realizarlo siempre y cuando, la tecnolog\u00eda de impresi\u00f3n 3d lo permita.<\/p>\n","protected":false},"featured_media":678,"comment_status":"open","ping_status":"closed","template":"","meta":[],"product_brand":[],"product_cat":[172],"product_tag":[179,173,175,178,182,177,174,180,176,181],"class_list":{"0":"post-676","1":"product","2":"type-product","3":"status-publish","4":"has-post-thumbnail","6":"product_cat-odin-3","7":"product_tag-accesorio-ayn-odin-3","8":"product_tag-carcasa-de-viaje-ayn-odin-3","9":"product_tag-carcasa-personalizable-ayn-odin-3","10":"product_tag-carcasa-rigida-ayn-odin-3","11":"product_tag-case-ayn-odin-3-personalizada","12":"product_tag-estuche-protector-ayn-odin-3","13":"product_tag-funda-con-grip-ayn-odin-3","14":"product_tag-funda-gamer-ayn-odin-3","15":"product_tag-funda-transporte-ayn-odin-3","16":"product_tag-grip-integrado-ayn-odin-3","18":"first","19":"instock","20":"taxable","21":"shipping-taxable","22":"purchasable","23":"product-type-variable","24":"has-default-attributes"},"_links":{"self":[{"href":"https:\/\/ibied3d.store\/index.php?rest_route=\/wp\/v2\/product\/676","targetHints":{"allow":["GET"]}}],"collection":[{"href":"https:\/\/ibied3d.store\/index.php?rest_route=\/wp\/v2\/product"}],"about":[{"href":"https:\/\/ibied3d.store\/index.php?rest_route=\/wp\/v2\/types\/product"}],"replies":[{"embeddable":true,"href":"https:\/\/ibied3d.store\/index.php?rest_route=%2Fwp%2Fv2%2Fcomments&post=676"}],"wp:featuredmedia":[{"embeddable":true,"href":"https:\/\/ibied3d.store\/index.php?rest_route=\/wp\/v2\/media\/678"}],"wp:attachment":[{"href":"https:\/\/ibied3d.store\/index.php?rest_route=%2Fwp%2Fv2%2Fmedia&parent=676"}],"wp:term":[{"taxonomy":"product_brand","embeddable":true,"href":"https:\/\/ibied3d.store\/index.php?rest_route=%2Fwp%2Fv2%2Fproduct_brand&post=676"},{"taxonomy":"product_cat","embeddable":true,"href":"https:\/\/ibied3d.store\/index.php?rest_route=%2Fwp%2Fv2%2Fproduct_cat&post=676"},{"taxonomy":"product_tag","embeddable":true,"href":"https:\/\/ibied3d.store\/index.php?rest_route=%2Fwp%2Fv2%2Fproduct_tag&post=676"}],"curies":[{"name":"wp","href":"https:\/\/api.w.org\/{rel}","templated":true}]}}