{"id":657,"date":"2026-03-22T19:10:11","date_gmt":"2026-03-22T18:10:11","guid":{"rendered":"https:\/\/ibied3d.store\/?post_type=product&#038;p=657"},"modified":"2026-04-15T11:02:37","modified_gmt":"2026-04-15T09:02:37","slug":"carcasa-superior-personalizable-para-retroid-pocket-flip-2","status":"publish","type":"product","link":"https:\/\/ibied3d.store\/?product=carcasa-superior-personalizable-para-retroid-pocket-flip-2","title":{"rendered":"Carcasa superior personalizable para Retroid Pocket Flip 2"},"content":{"rendered":"<p>Det\u00e1llanos escrito el dise\u00f1o que te gustar\u00eda que haga para tu carcasa, recuerda solo pueden ser m\u00e1ximo 4 colores planos, sin sombras, despu\u00e9s de realizar el pedido escr\u00edbeme por privado para mandarme la imagen\/logo que quieres a\u00f1adir a tu dise\u00f1o. Colores disponibles: Negro | Rojo | Cian | Turquesa | Amarillo | Lila | Blanco | Beige | Blanco Hueso | Rojo brillo | Dorado | Plateado | Azul oscuro | Marr\u00f3n Oscuro | Rosa | Rosa Fucsia | Gris Claro<\/p>\n","protected":false},"excerpt":{"rendered":"<p>Det\u00e1llanos escrito el dise\u00f1o que te gustar\u00eda que haga para tu carcasa, recuerda solo pueden ser m\u00e1ximo 4 colores planos, sin sombras, despu\u00e9s de realizar el pedido escr\u00edbeme por privado para mandarme la imagen\/logo que quieres a\u00f1adir a tu dise\u00f1o. Colores disponibles: Negro | Rojo | Cian | Turquesa | Amarillo | Lila | Blanco | Beige | Blanco Hueso | Rojo brillo | Dorado | Plateado | Azul oscuro | Marr\u00f3n Oscuro | Rosa | Rosa Fucsia<\/p>\n","protected":false},"featured_media":446,"comment_status":"open","ping_status":"closed","template":"","meta":[],"product_brand":[],"product_cat":[17],"product_tag":[24,163,164,162,22,100,27,165,19,23],"class_list":{"0":"post-657","1":"product","2":"type-product","3":"status-publish","4":"has-post-thumbnail","6":"product_cat-retroid-pocket-flip-2","7":"product_tag-accesorio-retroid-pocket-flip-2","8":"product_tag-carcasa-custom-retroid-flip-2","9":"product_tag-carcasa-gamer-retroid-pocket-flip-2","10":"product_tag-carcasa-personalizable-retroid","11":"product_tag-carcasa-personalizada-retroid-pocket-flip-2","12":"product_tag-carcasa-superior-retroid-pocket-flip-2","13":"product_tag-cubierta-superior-retroid-pocket-flip-2","14":"product_tag-diseno-personalizado-retroid-pocket-flip-2","15":"product_tag-funda-retroid-pocket-flip-2","16":"product_tag-shell-superior-retroid-pocket-flip-2","18":"first","19":"instock","20":"taxable","21":"shipping-taxable","22":"purchasable","23":"product-type-simple"},"_links":{"self":[{"href":"https:\/\/ibied3d.store\/index.php?rest_route=\/wp\/v2\/product\/657","targetHints":{"allow":["GET"]}}],"collection":[{"href":"https:\/\/ibied3d.store\/index.php?rest_route=\/wp\/v2\/product"}],"about":[{"href":"https:\/\/ibied3d.store\/index.php?rest_route=\/wp\/v2\/types\/product"}],"replies":[{"embeddable":true,"href":"https:\/\/ibied3d.store\/index.php?rest_route=%2Fwp%2Fv2%2Fcomments&post=657"}],"wp:featuredmedia":[{"embeddable":true,"href":"https:\/\/ibied3d.store\/index.php?rest_route=\/wp\/v2\/media\/446"}],"wp:attachment":[{"href":"https:\/\/ibied3d.store\/index.php?rest_route=%2Fwp%2Fv2%2Fmedia&parent=657"}],"wp:term":[{"taxonomy":"product_brand","embeddable":true,"href":"https:\/\/ibied3d.store\/index.php?rest_route=%2Fwp%2Fv2%2Fproduct_brand&post=657"},{"taxonomy":"product_cat","embeddable":true,"href":"https:\/\/ibied3d.store\/index.php?rest_route=%2Fwp%2Fv2%2Fproduct_cat&post=657"},{"taxonomy":"product_tag","embeddable":true,"href":"https:\/\/ibied3d.store\/index.php?rest_route=%2Fwp%2Fv2%2Fproduct_tag&post=657"}],"curies":[{"name":"wp","href":"https:\/\/api.w.org\/{rel}","templated":true}]}}